
53
Suppose 5*b = -5*i + 30, -60 = 2*i - 6*i + 5*b. Suppose 0 = -v + 105 + 75. Suppose n - 4*n + v = 0. What is the highest common factor of i and n?
10
Suppose 282*m - 310*m = -588. What is the greatest common factor of m and 490?
7
Let o(d) = d**3 + 14*d**2 + 14*d + 18. Let y be o(-13). Suppose y = i - 5. Calculate the highest common divisor of i and 90.
10
Let f(u) = 3*u**2 - 2*u + 1. Let n be f(1). What is the greatest common factor of n and 98?
2
Let d = 175 - 135. Let g(y) = y**3 + 6*y**2 + 3*y + 6. Let r be g(-5). What is the highest common factor of r and d?
8
Let z be (2*8/(-10))/((-36)/270). What is the greatest common factor of 24 and z?
12
Let u(n) = -n. Let q be u(-1). Suppose -15 = -2*a + q. Let g(y) = y**3 + 5*y**2 + y - 2. Let v be g(-2). What is the greatest common factor of a and v?
8
Let t(m) = -m**2 + 7*m - 7. Let n be t(2). Let l(z) = 36*z + 13. Let j be l(n). Calculate the greatest common factor of j and 11.
11
Let v be (-65 - -44)*34/(-7). Calculate the highest common factor of 6 and v.
6
Suppose 0 = 5*v + 4*c - 2421, -3*c = -v - c + 473. What is the highest common divisor of 37 and v?
37
Let j(v) = 46*v - 2. Let i be 10/15 - (4/(-3) + -1). Let m be j(i). Calculate the highest common factor of 17 and m.
17
Suppose 6*x = 2*x. Suppose -3*r - 999 = -4*f, 117 - 363 = -f + 2*r. Suppose x = -2*z - 2*z + f. Calculate the greatest common divisor of 42 and z.
21
Let g be 1 + 1 - 6/2. Let i be (1 - g)*2 + 0. Suppose i*y + y = 80. What is the greatest common factor of y and 4?
4
Let i = -767 - -1131. What is the greatest common factor of 65 and i?
13
Suppose 79*h - 87*h + 1232 = 0. Calculate the greatest common divisor of 44 and h.
22
Let g(s) = 2*s - 145*s**3 - 2 - 40*s**2 - 2*s + 17*s**2 - 3*s + 22*s**2. Let u = 1 + -2. Let h be g(u). What is the highest common factor of h and 29?
29
Let p = -11 + 12. Suppose 0 = b + p, -3*o + 2*o + b = 4. Let n be o/(-1) - (-5 + 6). What is the highest common factor of 28 and n?
4
Suppose -2*c - 4*n = -20, -c - c + 3*n = -27. Suppose r = z - 5*z - 214, -z - 609 = 3*r. Let w = -94 - r. Calculate the greatest common divisor of w and c.
12
Let w be (7/(-2) + 0)*(0 - 56). Suppose -8*c = -c - w. Suppose -f + 0 = -4. Calculate the greatest common divisor of c and f.
4
Let f = -1 + 8. Suppose f*y = 6*y. Suppose 0 = l + 3*x - x + 1, y = -3*l - x + 2. Calculate the greatest common factor of 11 and l.
1
Suppose -190 = -2*r + r - 2*f, -2*r = 2*f - 388. Calculate the highest common factor of r and 528.
66
Let s = 2 - -2. Suppose -8 - 4 = 3*b, -2*b - 24 = -4*a. Suppose -a*x - 4*i = -120, -4*x + 36 + 96 = -2*i. What is the highest common divisor of x and s?
4
Let x = 3 - 3. Suppose -38 = 10*j - 258. Let m = j - x. Calculate the greatest common divisor of 2 and m.
2
Let s be 731 - 9*(-22)/33. What is the highest common factor of s and 268?
67
Suppose 0 = 3*s - f - 0*f + 9, 3*f = 3*s + 3. Let g be 4/6*(-288)/s. Let d = g + -34. Calculate the highest common factor of d and 21.
7
Suppose -8*d + 3*d = -10. Let m be ((-17)/(-3))/(d/48). Let r = -17 - -51. What is the greatest common divisor of m and r?
34
Suppose -8 = -f + 1. Suppose o - 35 = -2*c, 0 = 4*c - 1 + f. Calculate the greatest common divisor of o and 26.
13
Let m = 12 - 7. Suppose -m*r - 3*o + 20 = -0*r, 5*r = -5*o + 20. Let x(b) = 3*b**2 - 13*b - 28. Let k be x(7). Calculate the greatest common divisor of r and k.
4
Suppose -50 = -5*t + 25. Suppose 6*y - t = 3*y - 3*q, 3*y = q + 35. Calculate the highest common factor of 25 and y.
5
Let q = -94 - -97. Suppose -q*g + 159 = 5*l, -4*g + 4 = -8. Calculate the highest common divisor of 80 and l.
10
Let a(x) = x + 38. Let u be a(0). Suppose -i + 154 - 158 = 0, 1904 = 5*n - i. Calculate the greatest common factor of n and u.
38
Let v = -7 - 1. Let a be v/(-20) - (114/(-15) - -1). Calculate the highest common divisor of 7 and a.
7
Suppose 2*a - 6 = -i, 0*i - 3*i = 2*a - 14. Suppose -3*o - 4*v + 484 = 2*o, i*v + 16 = 0. Calculate the highest common divisor of 20 and o.
20
Suppose -3*r - 5*p + 552 = 0, -4*p + 8*p = 3*r - 552. Calculate the highest common divisor of 23 and r.
23
Suppose -2*l = -29 + 11. Suppose w + l = 11. Suppose b + 21 = w*b. Calculate the highest common divisor of 63 and b.
21
Suppose 56 = -6*g + 10*g. Suppose -7*i = -6*i - g. What is the greatest common factor of i and 112?
14
Let y(x) = 2*x**3 + 56*x**2 - 4*x - 25. Let g be y(-28). Calculate the greatest common divisor of 3 and g.
3
Let p(c) = -c**3 + 4*c**2 + 2*c - 4. Let a be p(4). Suppose 1024 = -60*f + 99*f + 400. Calculate the highest common factor of f and a.
4
Let u(w) = -w**3 + 36*w**2 - 36*w + 37. Let f be u(35). What is the highest common divisor of f and 66?
2
Let l(c) = 11*c - 4. Let k(s) = 4*s**2 - s - 1. Let u be k(-1). Let x be l(u). Let q = -12 - -17. What is the greatest common factor of x and q?
5
Suppose 0 = -10*r + 11777 + 6413. What is the highest common factor of 17 and r?
17
Let c(n) = 3*n**3 - 2*n**2 - 2*n + 3. Let l be c(2). Let z be (-2)/2 + (l - 10). Calculate the highest common factor of z and 8.
4
Let h be 80*-2*(-2)/10. Let g = 38 + -45. Let u(l) = -l**3 - 8*l**2 - 9*l + 2. Let n be u(g). Calculate the greatest common factor of h and n.
16
Let z(d) = d**3 - 8*d**2 + 9*d - 6. Let t be z(8). Suppose -8*h + 2*h + t = 0. Calculate the highest common divisor of 22 and h.
11
Let o be ((-380)/(-25) - -5) + 1*3/(-15). Suppose 6*k - k = 400. Calculate the greatest common divisor of o and k.
20
Let k = -24 + 14. Let l be 4/k + (-902)/(-55). What is the highest common factor of 8 and l?
8
Let z = -1465 - -1481. Calculate the highest common factor of 64 and z.
16
Let o = -3335 + 4795. What is the highest common factor of 20 and o?
20
Let r be 0 + 4 + 1 + -2. Suppose -r*s = -s - 32. What is the highest common divisor of s and 48?
16
Let s(y) = 6*y**2 + 3*y - 3. Suppose b = 9 - 13. Let n be s(b). What is the highest common divisor of 9 and n?
9
Suppose 7*s + 15 = 1. Let r(a) = 10*a**2 + 1. Let q be r(s). What is the highest common factor of q and 451?
41
Let r(m) = 115*m - 287. Let q be r(7). What is the highest common divisor of 148 and q?
74
Let v = -44 + -54. Let l = v + 108. What is the greatest common divisor of l and 30?
10
Let j be 4/(-6)*(-27)/6. Suppose -1 = i + 3, 0 = -j*n - 5*i - 8. Let c = n + 2. What is the highest common divisor of c and 54?
6
Let j(b) be the first derivative of -b**3/3 - 4*b**2 - 7*b + 7. Let z be j(-8). Let u be 6*(-1)/2 - z. What is the highest common divisor of u and 8?
4
Let m(p) = -5*p - 112. Suppose 1 = h - 10. Let w(z) = 14*z + 336. Let x(r) = h*m(r) + 4*w(r). Let j be x(0). What is the greatest common divisor of j and 16?
16
Let f be (-97)/(-1) + 25*(-8)/(-100). Calculate the greatest common factor of 44 and f.
11
Suppose 5*k - 342 - 2258 = 0. What is the greatest common divisor of k and 104?
104
Suppose -87*x + 88*x + 206 = l, 3*x - 642 = -3*l. What is the highest common divisor of 315 and l?
105
Let t(i) = 3*i**2 + 3*i. Suppose 15*k = 10*k + 30. Suppose 4*f = 3*f + k. Let o be t(f). Calculate the greatest common factor of 18 and o.
18
Suppose -f + 4 = f. Suppose 0 = 63*g - 57*g - 96. What is the highest common factor of g and f?
2
Let q be (-5 - 1928/(-72)) + 4/18. Calculate the highest common divisor of 22 and q.
22
Let w(d) = -d + 7. Let h be w(-9). Suppose -4*b + h = 0, -5*v = -2*v + 2*b - 32. Let x = v - -1. What is the greatest common divisor of x and 63?
9
Suppose 0 = -3*c + 13 - 91. Let f = c + 40. Let o be 28/(-36)*-6*(9 + -3). Calculate the greatest common factor of o and f.
14
Suppose -3 = 5*m - 3*g + 25, 3*m = 2*g - 17. Let x = m - -15. Suppose -5*q - 220 = -x*q. Calculate the highest common factor of 66 and q.
22
Let w = -31 - -49. What is the greatest common factor of w and 207?
9
Let w(r) = -47*r + 212. Let d be w(-8). Calculate the highest common divisor of d and 49.
49
Let v be (15/2)/((-12)/(-32)). Let p be (-1)/((-1)/v*2). Let h(o) = -10*o. Let m be h(-4). Calculate the highest common factor of p and m.
10
Let r = -219 - -411. Let a(x) = -x**2 + 12*x + 4. Let b be a(10). Suppose 3*j + b = r. Calculate the highest common divisor of 8 and j.
8
Let t = 91 + -85. What is the greatest common factor of 21 and t?
3
Let c(u) = -16*u - 120. Let y be c(-10). Calculate the 